 = -7*t**2 + 15*t. Let p be i(2). Suppose 0 = 4*g - w - 2872, -p*g - 459 = -5*w - 1895. What are the prime factors of g?
2, 359
Suppose -2*r - n - 4 = 0, 4*r + 20 = 2*r - 5*n. Suppose r = -k + 5*d + 361, -15 = d - 4*d. What are the prime factors of k?
2, 193
Let k(c) = -8*c**3 - 2*c**2 - 6*c - 10. Suppose -j = 3*j + 12. List the prime factors of k(j).
2, 103
Suppose -2*v + r = -16, 7 = v - 3*r - 11. List the prime factors of (v - (-144)/(-20))/(2/(-155)).
3, 31
Let u = -7389 + 18328. List the prime factors of u.
10939
Let c(m) be the first derivative of m**3/3 + 5*m**2 + 7*m - 9. Let r be c(-8). What are the prime factors of r/12 + (-1533)/(-12)?
127
Let n be -3428*1/(4/(-4)). Let k = n + -2307. List the prime factors of k.
19, 59
Let l(p) = -p**3 + 2 + p**2 + 5 + 59*p - 51*p. Let m be l(4). What are the prime factors of (-2)/m - 75/(-27)?
3
Suppose -5*r = 5 - 15. Let k be (-21 - -21) + r*4. Suppose 167 = -k*c + 471. List the prime factors of c.
2, 19
Let x(o) = -1227*o - 2240. List the prime factors of x(-11).
11257
Suppose 2*l + 3*y - 64386 = -l, 0 = -l + 3*y + 21474. List the prime factors of l.
3, 5, 53
Let z(c) = 3*c - 2. Let p(h) = -26*h + 35. Let f(b) = p(b) + 4*z(b). List the prime factors of f(-7).
5
Let o(p) = 85*p**2 + 85*p - 794. List the prime factors of o(10).
2, 3, 23, 31
Let z(l) = 4*l**2 - 16*l + 5. Let i be z(5). Suppose 18*p + 2135 = i*p. List the prime factors of p.
5, 61
Let a be ((-5)/(-2))/(8/16). Suppose 0 = b - 0 - 2, 5*b = 5*r - a. Suppose -s - 2*n = -198, 2*n - r*n - 183 = -s. List the prime factors of s.
2, 47
Let q(n) = 1309*n + 1666. List the prime factors of q(6).
2, 5, 7, 17
Let l = 1528 + 22904. List the prime factors of l.
2, 3, 509
What are the prime factors of 4636/(-8)*1320/(-30)?
2, 11, 19, 61
Let v = 198 - 580. Let j = 557 + v. List the prime factors of j.
5, 7
Let n(x) be the third derivative of -4*x**4/3 - 131*x**3/3 - 277*x**2. What are the prime factors of n(-45)?
2, 19, 31
Let x = 145 - 146. What are the prime factors of 0 + x + 4 + 115?
2, 59
Suppose -75*d + 68*d + 105 = 0. Suppose -d*r - 28 = -19*r - 5*q, 4*r - 5*q = 28. List the prime factors of r.
7
Let s(z) = z**3 + 2*z**2 - 11*z - 9. Let a be s(-4). Suppose g + 2150 = a*g. What are the prime factors of g?
5, 43
Suppose 0 = 2*s - s + 1435. Let w = s + 2118. What are the prime factors of w?
683
Let d(q) = q**3 + 4*q**2 - 5. Let j be d(-3). List the prime factors of (j/6)/(6*(-1)/(-792)).
2, 11
Suppose 2*k - 4*t - 17130 = 0, -3*k + 3*t + 22686 = -3027. What are the prime factors of k?
3, 953
Suppose -5*u + 36809 = 2*s, -3*u - 507 = -510. List the prime factors of s.
2, 3, 3067
Let a(s) = -3*s**3 - 58*s**2 - 21*s - 29. Let u be a(-19). Let h(j) = 85*j**3 - 2*j**2 + 2*j - 1. Let d be h(1). Let c = u + d. What are the prime factors of c?
3, 31
Let l(m) = 21*m - 34 + 59 - 19 - 24. Let w(j) = j**3 - 5*j**2 + 2*j - 5. Let s be w(5). What are the prime factors of l(s)?
3, 29
What are the prime factors of (76/(-228)*(2 - 1))/(4/(-108168))?
2, 4507
Let d be 4/6 + 3 + (-11)/3. What are the prime factors of (4 + d)/((-6)/(-222))?
2, 37
Let w = 8938 - 2068. What are the prime factors of w?
2, 3, 5, 229
Suppose 529*c = 528*c + 7. Suppose -4*b - 5*m + 2343 = 0, -4*b + c*m - 4*m = -2351. List the prime factors of b.
587
Let q(j) = -40*j**2 + 77*j**2 - 38*j**2 - 1 + 6 + 2*j + 73*j. List the prime factors of q(17).
991
Suppose 0*l = 8*l - 16. Suppose l*f - 232 = -6*f. Suppose -2*h + 14 + 8 = 3*n, 3*n = 5*h + f. List the prime factors of n.
2
Let o be 102/(-1)*(-3 - (-5)/2). Let c = -47 + o. List the prime factors of ((-5)/c - 6/8) + 6.
2
Suppose 56*f - 249758 + 38414 = 0. List the prime factors of f.
2, 3, 17, 37
Let x(f) = -352*f - 23. Let h be x(-3). List the prime factors of 6*(-49)/(-42) + h.
2, 5, 13
Let y(r) = -215*r**3 + 4*r**2 + r - 7. Let i be y(-2). Let k = -1018 + i. What are the prime factors of k?
709
Suppose -1735 + 4687 = -12*t. Suppose 802 + 831 = 4*n + 3*q, 4*n = 3*q + 1663. Let u = n + t. What are the prime factors of u?
2, 83
Let g be (-289)/5 + 2 + (-44)/20. Let f = g + 58. Suppose -k + 5*k - 4 = f, -2*b + 5*k + 203 = 0. What are the prime factors of b?
2, 13
Let l(m) = 19*m**3 + 2*m**2 - m + 6. Let x be (-1 - 3) + 12 + -4. What are the prime factors of l(x)?
2, 5
What are the prime factors of 3482*20 - (-1940)/291*12/(-10)?
2, 17
List the prime factors of -1*(-9 - -22 - 2593).
2, 3, 5, 43
Let c be (-1)/(-2)*(11 - 1). Suppose 12*p - c*p = 2919. List the prime factors of p.
3, 139
Let s = 5718 + 9213. List the prime factors of s.
3, 7, 79
Let k(o) = o**3 + 16*o**2 + 18*o + 4. Let u be k(-14). Let x = 712 - u. List the prime factors of x.
2, 71
Suppose 1935076 = 30*k + 80*k + 77*k. What are the prime factors of k?
2, 13, 199
Let r be 2/(-3)*3 + -9. Let t(k) = -3*k + 14. Let l be t(r). Suppose -2*y + l = -37. List the prime factors of y.
2, 3, 7
Let y be (-72)/(-30)*20/6. Let w(i) = -3*i - 45. Let b be w(-14). List the prime factors of (-2)/b*-26*(-30)/y.
5, 13
Let n(w) = w - 1. Let p(j) = -7*j - 7. Let t(u) = 4*n(u) + p(u). Let r be t(-3). List the prime factors of -1 + 48 - 0/r.
47
Suppose -73*i + 14*i = -1597720. What are the prime factors of i?
2, 5, 677
Let v(p) = -2609*p - 3. Let b be v(-2). Suppose 0 = -20*i + b - 755. What are the prime factors of i?
223
Let c be (-207)/(-5) + ((-18)/(-5))/(-9). Suppose -c + 9 = -4*z. What are the prime factors of z?
2
Let d = -529 + 506. What are the prime factors of 2654/7 - d/(-161)?
379
Suppose -3*a + 195730 = -5*i, 6*i + 65 = 17. List the prime factors of a.
2, 5, 11, 593
Let r = 3778 - -6028. What are the prime factors of r?
2, 4903
Let g be ((-12)/(-18))/((-2)/15). Let r be ((-89)/(-4))/(g/(-40)). Suppose r - 1018 = -10*u. What are the prime factors of u?
2, 3, 7
Let b(d) = -3*d**3 + 8*d**2 + 9*d - 15. Let c(s) = -s**3 - 3*s**2 + 5*s + 10. Let j be c(-3). What are the prime factors of b(j)?
5, 103
Let s(d) = 1089*d**2 + 14*d - 85. List the prime factors of s(6).
197, 199
Suppose 21*t = 172 - 25. Suppose 4*u - 2 = -6, 4*x + 4*u - 476 = 0. Let p = x + t. List the prime factors of p.
127
Let q(n) = -n**2 + 12*n + 26. Let l be q(14). List the prime factors of (l/(-6))/((-3)/8280*-4).
2, 5, 23
Suppose z = -5*s + 29, -s + 13 = -z + 3*z. Suppose -s*k = -1147 + 192. List the prime factors of k.
191
Let r(x) = -1194*x - 431. What are the prime factors of r(-5)?
29, 191
Let j = 20956 - 6018. What are the prime factors of j?
2, 7, 11, 97
Let b be (-3)/2 + (-22)/(-4). List the prime factors of (-8038)/(-26) - 1/26*b.
3, 103
Let f(s) = 179*s**2 - 5*s - 6. Let g(b) = 179*b**2 - 4*b - 4. Let d(x) = -2*f(x) + 3*g(x). List the prime factors of d(1).
3, 59
Let m(d) = d**3 - 2*d**2 + 3*d - 7. Let q be m(3). Suppose -2*z = -3*n - 830, q*n - 7*n = -5*z + 2052. List the prime factors of z.
2, 103
Let b(l) = 196*l**2 - 844*l - 6729. List the prime factors of b(-8).
3, 59, 71
What are the prime factors of 1054 + 1*(-9)/(99/77)?
3, 349
Suppose -29*t + 274120 = -51811. What are the prime factors of t?
11239
Suppose -85 + 0 = -2*c - 5*o, -c + 5*o + 20 = 0. Let l be (-2 + c/15)*3*4. What are the prime factors of 156/24 + (-2)/l*-1?
7
Let s(u) be the second derivative of u**4/2 - 11*u**3/6 + 203*u**2/2 + 154*u + 2. List the prime factors of s(-15).
2, 859
Suppose 4*l + 136 = 2*s - 94, 0 = -2*l - 4*s - 140. Let n(b) = 166*b**2 - 1. Let y be n(-1). Let g = y + l. What are the prime factors of g?
3, 5, 7
Let y(f) = -238*f - 52. Let r be y(-7). Suppose 0 = -4*s - w + 1626, 4*s - 5*w = -0*s + r. What are the prime factors of s?
2, 7, 29
Suppose 353430 = 136*y - 85*y. List the prime factors of y.
2, 3, 5, 7, 11
Let q(r) = -13*r**3 - 13*r**2 - r + 27. Let g be q(-5). Suppose 0 = -5*d - 3*a + 1329, 49*d + 4*a - g = 44*d. List the prime factors of d.
2, 3, 11
Let y be (-17)/(-4) + (-45)/(-12) + -3. Suppose 0 = -2*r + z - 1164 - 81, -25 = y*z. List the prime factors of 4/((-20)/r) + -4.
11
Let i be (18/12)/((-3)/(-8)). Suppose 2*s + 2*x = 160, -x - 302 - 8 = -i*s. Suppose -4*m + 58 + s = 0. What are the prime factors of m?
2, 17
Let m(q) = 229*q - 6. Let z be m(3). Let k be z/(-12) - (-6)/(-24). Let f = k - -73. List the prime factors of f.
2
Suppose 4*f = -4*a + 20392, -f - 4163 = -a + 937. Suppose 4768 + a = 13*c. What are the pri